{"id":8047,"date":"2024-07-31T17:14:06","date_gmt":"2024-07-31T17:14:06","guid":{"rendered":"https:\/\/cpivaldelaatalaya.es\/?page_id=8047"},"modified":"2025-04-01T07:55:33","modified_gmt":"2025-04-01T07:55:33","slug":"curso-2024-25-2","status":"publish","type":"page","link":"https:\/\/cpivaldelaatalaya.es\/?page_id=8047","title":{"rendered":"Curso 2024-25"},"content":{"rendered":"\n<p>Estimadas familias. Os adjuntamos definitivo para la movilidad de Holanda.<\/p>\n<p>Aclaraci\u00f3n sobre el baremo definitivo de 3\u00ba ESO para la movilidad de Holanda:<\/p>\n<ol>\n<li>El documento publicado es el baremo definitivo<\/li>\n<li>DNI del listado: en algunos de los alumnos no hemos encontrado el n\u00famero de DNI, por tanto aparecen con el n\u00famero de alguno de los progenitores, para preservar la protecci\u00f3n de datos.<\/li>\n<li>Aquellas casillas que aparezcan en blanco quiere decir que no se ha obtenido puntuaci\u00f3n por ellas.<\/li>\n<li>En color azul se marcan las 6 personas que\u00a0 acoger\u00e1n a las alumnas de Holanda en su visita, en el mes de mayo. Recordamos que se han marcado las 6 primeras chicas, ya que son los requisitos para recibir al alumnado en la movilidad de mayo, ya que vienen 6 alumnas holandesas.<\/li>\n<li>En color amarillo, est\u00e1n el resto de puestos que son susceptibles de poder realizar la movilidad a Holanda el curso que viene, en funci\u00f3n de la subvenci\u00f3n recibida por el centro, con el n\u00famero final de alumnos por determinar. Aqu\u00ed se incluye indistintamente a chicos y chicas<\/li>\n<\/ol>\n<p>\u00a0<\/p>\n<p><a href=\"https:\/\/drive.google.com\/file\/d\/1OzVArTmE3qV3iR-C7j1ywKogAJwn_xWF\/view?usp=sharing\">BAREMO DEFINITIVO HOLANDA 3\u00ba ESO<\/a><\/p>\n\n\n\n<p><span style=\"color: #ff0000;\"><strong>Informaci\u00f3n sobre la movilidad a Holanda para alumnos de 3\u00ba ESO<\/strong><\/span><\/p>\n\n\n\n<div data-wp-interactive=\"core\/file\" class=\"wp-block-file\"><object data-wp-bind--hidden=\"!state.hasPdfPreview\" hidden class=\"wp-block-file__embed\" data=\"https:\/\/cpivaldelaatalaya.es\/wp-content\/uploads\/2025\/03\/Informacion-movilidad-Erasmus-3o-ESO.-Holanda-202425.pdf\" type=\"application\/pdf\" style=\"width:100%;height:600px\" aria-label=\"Incrustado de Informaci\u00f3n movilidad Erasmus + 3\u00ba ESO. Holanda (202425).\"><\/object><a id=\"wp-block-file--media-f79dccb3-c21c-474e-beef-13cb635e79f5\" href=\"https:\/\/cpivaldelaatalaya.es\/wp-content\/uploads\/2025\/03\/Informacion-movilidad-Erasmus-3o-ESO.-Holanda-202425.pdf\">Informaci\u00f3n movilidad Erasmus + 3\u00ba ESO. Holanda (202425)<\/a><a href=\"https:\/\/cpivaldelaatalaya.es\/wp-content\/uploads\/2025\/03\/Informacion-movilidad-Erasmus-3o-ESO.-Holanda-202425.pdf\" class=\"wp-block-file__button wp-element-button\" download aria-describedby=\"wp-block-file--media-f79dccb3-c21c-474e-beef-13cb635e79f5\">Descarga<\/a><\/div>\n\n\n\n\n\n<p><strong><span style=\"color: #ff0000;\">Baremo Erasmus + para la selecci\u00f3n del alumnado participante en las movilidades de estudiantes. Actualizado 14 de noviembre de 2024<\/span><\/strong><\/p>\n<p>&nbsp;<\/p>\n\n\n\n<div data-wp-interactive=\"core\/file\" class=\"wp-block-file\"><object data-wp-bind--hidden=\"!state.hasPdfPreview\" hidden class=\"wp-block-file__embed\" data=\"https:\/\/cpivaldelaatalaya.es\/wp-content\/uploads\/2024\/11\/ANEXO-IV.-Baremo-seleccion-alumnado-participante-Erasmus-Curso-2024-25.docx.pdf\" type=\"application\/pdf\" style=\"width:100%;height:600px\" aria-label=\"Incrustado de ANEXO IV. Baremo selecci\u00f3n alumnado participante Erasmus+ (Curso 2024-25).docx.\"><\/object><a id=\"wp-block-file--media-278cea76-2635-4112-89f8-4f91d81f6146\" href=\"https:\/\/cpivaldelaatalaya.es\/wp-content\/uploads\/2024\/11\/ANEXO-IV.-Baremo-seleccion-alumnado-participante-Erasmus-Curso-2024-25.docx.pdf\">ANEXO IV. Baremo selecci\u00f3n alumnado participante Erasmus+ (Curso 2024-25).docx<\/a><a href=\"https:\/\/cpivaldelaatalaya.es\/wp-content\/uploads\/2024\/11\/ANEXO-IV.-Baremo-seleccion-alumnado-participante-Erasmus-Curso-2024-25.docx.pdf\" class=\"wp-block-file__button wp-element-button\" download aria-describedby=\"wp-block-file--media-278cea76-2635-4112-89f8-4f91d81f6146\">Descarga<\/a><\/div>\n\n\n\n<p><strong>RESOLUCI\u00d3N PROVISIONAL BAREMO ERASMUS + MOVILIDAD A BIENTINA<\/strong><\/p>\n<p>Se abre plazo para alegaciones desde <strong>hoy mi\u00e9rcoles 20 de noviembre hasta el viernes 22 de noviembre.<\/strong>\u00a0 Las alegaciones deben enviarse a jefaturaeso@cpivaldelaatalaya.es.<\/p>\n<p>Tras el plazo de las alegaciones, se enviar\u00e1 un tokapp a las familias interesadas para informarles de la modificaci\u00f3n del baremo, en el caso de que sean aceptadas, o bien de la resoluci\u00f3n definitiva del baremo definitivo. Aqu\u00ed ten\u00e9is el enlace al documento:\u00a0<\/p>\n<p>\u00a0<\/p>\n\n\n\n<div data-wp-interactive=\"core\/file\" class=\"wp-block-file\"><object data-wp-bind--hidden=\"!state.hasPdfPreview\" hidden class=\"wp-block-file__embed\" data=\"https:\/\/cpivaldelaatalaya.es\/wp-content\/uploads\/2024\/11\/Baremo-alumnado-movilidad-2o-ESO-2024-25-WEB.xlsx-Hoja1.pdf\" type=\"application\/pdf\" style=\"width:100%;height:600px\" aria-label=\"Incrustado de Baremo alumnado movilidad 2\u00ba ESO (2024-25) WEB.xlsx - Hoja1.\"><\/object><a id=\"wp-block-file--media-d3fd9bba-683b-45dd-b960-428f74573e11\" href=\"https:\/\/cpivaldelaatalaya.es\/wp-content\/uploads\/2024\/11\/Baremo-alumnado-movilidad-2o-ESO-2024-25-WEB.xlsx-Hoja1.pdf\">Baremo alumnado movilidad 2\u00ba ESO (2024-25) WEB.xlsx &#8211; Hoja1<\/a><a href=\"https:\/\/cpivaldelaatalaya.es\/wp-content\/uploads\/2024\/11\/Baremo-alumnado-movilidad-2o-ESO-2024-25-WEB.xlsx-Hoja1.pdf\" class=\"wp-block-file__button wp-element-button\" download aria-describedby=\"wp-block-file--media-d3fd9bba-683b-45dd-b960-428f74573e11\">Descarga<\/a><\/div>\n\n\n\n<p><strong>ACLARACIONES AL BAREMO<\/strong><\/p>\n<ul>\n<li>El concurso Big Challenge ha sido valorado en el apartado Vida escolar.<\/li>\n<li>Para los alumnos que no disponen de DNI, se ha indicado el DNI del padre\/madre.<\/li>\n<li>En el empate que ha habido en el 6\u00ba puesto, se ha desempatado con la nota media.<\/li>\n<li>Los alumnos empatados a 109 puntos. Se har\u00eda el sorteo en caso de que fuese necesario por bajas de los alumnos que est\u00e1n en puestos superiores.<\/li>\n<li>En el documento publicado, se han eliminado las columnas en las que ning\u00fan alumno ha obtenido puntuaci\u00f3n para favorecer su lectura.<\/li>\n<li>ACNEE\/ACNEAE. Informes de altas capacidades. Ning\u00fan alumno baremado recibe medidas espec\u00edficas de apoyo educativo por el hecho de ser de Altas capacidades (en el caso de los alumnos que se presentan a esta movilidad) as\u00ed que su informe no punt\u00faa. Enfermedades cr\u00f3nicas: Para que se tengan en cuenta en el baremo, deben ser enfermedades que impliquen medidas educativas especiales en el aula. El alumno tiene que ser considerado por este motivo ACNEE.<\/li>\n<\/ul>\n\n\n\n<p><strong>BAREMACI\u00d3N DEFINITIVA\u00a0 PARA LA MOVILIDAD DE 2\u00ba ESO A BIENTINA (ITALIA)<\/strong><\/p>\n\n\n\n\n\n<div data-wp-interactive=\"core\/file\" class=\"wp-block-file\"><object data-wp-bind--hidden=\"!state.hasPdfPreview\" hidden class=\"wp-block-file__embed\" data=\"https:\/\/cpivaldelaatalaya.es\/wp-content\/uploads\/2024\/11\/BAREMO-DEFINITIVO-MOVILIDAD-ALUMNOS-2o-ESO-2024-25-WEB.xlsx-Hoja1.pdf\" type=\"application\/pdf\" style=\"width:100%;height:600px\" aria-label=\"Incrustado de BAREMO DEFINITIVO MOVILIDAD ALUMNOS 2\u00ba ESO (2024-25) WEB.xlsx - Hoja1.\"><\/object><a id=\"wp-block-file--media-92286701-3e08-4702-b948-5867c1ae10a2\" href=\"https:\/\/cpivaldelaatalaya.es\/wp-content\/uploads\/2024\/11\/BAREMO-DEFINITIVO-MOVILIDAD-ALUMNOS-2o-ESO-2024-25-WEB.xlsx-Hoja1.pdf\">BAREMO DEFINITIVO MOVILIDAD ALUMNOS 2\u00ba ESO (2024-25) WEB.xlsx &#8211; Hoja1<\/a><a href=\"https:\/\/cpivaldelaatalaya.es\/wp-content\/uploads\/2024\/11\/BAREMO-DEFINITIVO-MOVILIDAD-ALUMNOS-2o-ESO-2024-25-WEB.xlsx-Hoja1.pdf\" class=\"wp-block-file__button wp-element-button\" download aria-describedby=\"wp-block-file--media-92286701-3e08-4702-b948-5867c1ae10a2\">Descarga<\/a><\/div>\n","protected":false},"excerpt":{"rendered":"<p>Estimadas familias. Os adjuntamos definitivo para la movilidad de Holanda. Aclaraci\u00f3n sobre el baremo definitivo de 3\u00ba ESO para la movilidad de Holanda: El documento publicado es el baremo definitivo DNI del listado: en algunos de los alumnos no hemos encontrado el n\u00famero de DNI, por tanto aparecen con el n\u00famero de alguno de los &hellip; <\/p>\n<p><a class=\"more-link btn\" href=\"https:\/\/cpivaldelaatalaya.es\/?page_id=8047\">Seguir leyendo<\/a><\/p>\n","protected":false},"author":2,"featured_media":0,"parent":0,"menu_order":0,"comment_status":"closed","ping_status":"closed","template":"","meta":{"footnotes":""},"class_list":["post-8047","page","type-page","status-publish","hentry","nodate","item-wrap"],"_links":{"self":[{"href":"https:\/\/cpivaldelaatalaya.es\/index.php?rest_route=\/wp\/v2\/pages\/8047","targetHints":{"allow":["GET"]}}],"collection":[{"href":"https:\/\/cpivaldelaatalaya.es\/index.php?rest_route=\/wp\/v2\/pages"}],"about":[{"href":"https:\/\/cpivaldelaatalaya.es\/index.php?rest_route=\/wp\/v2\/types\/page"}],"author":[{"embeddable":true,"href":"https:\/\/cpivaldelaatalaya.es\/index.php?rest_route=\/wp\/v2\/users\/2"}],"replies":[{"embeddable":true,"href":"https:\/\/cpivaldelaatalaya.es\/index.php?rest_route=%2Fwp%2Fv2%2Fcomments&post=8047"}],"version-history":[{"count":17,"href":"https:\/\/cpivaldelaatalaya.es\/index.php?rest_route=\/wp\/v2\/pages\/8047\/revisions"}],"predecessor-version":[{"id":8575,"href":"https:\/\/cpivaldelaatalaya.es\/index.php?rest_route=\/wp\/v2\/pages\/8047\/revisions\/8575"}],"wp:attachment":[{"href":"https:\/\/cpivaldelaatalaya.es\/index.php?rest_route=%2Fwp%2Fv2%2Fmedia&parent=8047"}],"curies":[{"name":"wp","href":"https:\/\/api.w.org\/{rel}","templated":true}]}}

<p>Estimadas familias. Os adjuntamos definitivo para la movilidad de Holanda.</p>
<p>Aclaración sobre el baremo definitivo de 3º ESO para la movilidad de Holanda:</p>
<ol>
<li>El documento publicado es el baremo definitivo</li>
<li>DNI del listado: en algunos de los alumnos no hemos encontrado el número de DNI, por tanto aparecen con el número de alguno de los progenitores, para preservar la protección de datos.</li>
<li>Aquellas casillas que aparezcan en blanco quiere decir que no se ha obtenido puntuación por ellas.</li>
<li>En color azul se marcan las 6 personas que  acogerán a las alumnas de Holanda en su visita, en el mes de mayo. Recordamos que se han marcado las 6 primeras chicas, ya que son los requisitos para recibir al alumnado en la movilidad de mayo, ya que vienen 6 alumnas holandesas.</li>
<li>En color amarillo, están el resto de puestos que son susceptibles de poder realizar la movilidad a Holanda el curso que viene, en función de la subvención recibida por el centro, con el número final de alumnos por determinar. Aquí se incluye indistintamente a chicos y chicas</li>
</ol>
<p> </p>
<p><a href="https://drive.google.com/file/d/1OzVArTmE3qV3iR-C7j1ywKogAJwn_xWF/view?usp=sharing">BAREMO DEFINITIVO HOLANDA 3º ESO</a></p>



<p><span style="color: #ff0000;"><strong>Información sobre la movilidad a Holanda para alumnos de 3º ESO</strong></span></p>



<div data-wp-interactive="core/file" class="wp-block-file"><object data-wp-bind--hidden="!state.hasPdfPreview" hidden class="wp-block-file__embed" data="https://cpivaldelaatalaya.es/wp-content/uploads/2025/03/Informacion-movilidad-Erasmus-3o-ESO.-Holanda-202425.pdf" type="application/pdf" style="width:100%;height:600px" aria-label="Incrustado de Información movilidad Erasmus + 3º ESO. Holanda (202425)."></object><a id="wp-block-file--media-f79dccb3-c21c-474e-beef-13cb635e79f5" href="https://cpivaldelaatalaya.es/wp-content/uploads/2025/03/Informacion-movilidad-Erasmus-3o-ESO.-Holanda-202425.pdf">Información movilidad Erasmus + 3º ESO. Holanda (202425)</a><a href="https://cpivaldelaatalaya.es/wp-content/uploads/2025/03/Informacion-movilidad-Erasmus-3o-ESO.-Holanda-202425.pdf" class="wp-block-file__button wp-element-button" download aria-describedby="wp-block-file--media-f79dccb3-c21c-474e-beef-13cb635e79f5">Descarga</a></div>





<p><strong><span style="color: #ff0000;">Baremo Erasmus + para la selección del alumnado participante en las movilidades de estudiantes. Actualizado 14 de noviembre de 2024</span></strong></p>
<p>&nbsp;</p>



<div data-wp-interactive="core/file" class="wp-block-file"><object data-wp-bind--hidden="!state.hasPdfPreview" hidden class="wp-block-file__embed" data="https://cpivaldelaatalaya.es/wp-content/uploads/2024/11/ANEXO-IV.-Baremo-seleccion-alumnado-participante-Erasmus-Curso-2024-25.docx.pdf" type="application/pdf" style="width:100%;height:600px" aria-label="Incrustado de ANEXO IV. Baremo selección alumnado participante Erasmus+ (Curso 2024-25).docx."></object><a id="wp-block-file--media-278cea76-2635-4112-89f8-4f91d81f6146" href="https://cpivaldelaatalaya.es/wp-content/uploads/2024/11/ANEXO-IV.-Baremo-seleccion-alumnado-participante-Erasmus-Curso-2024-25.docx.pdf">ANEXO IV. Baremo selección alumnado participante Erasmus+ (Curso 2024-25).docx</a><a href="https://cpivaldelaatalaya.es/wp-content/uploads/2024/11/ANEXO-IV.-Baremo-seleccion-alumnado-participante-Erasmus-Curso-2024-25.docx.pdf" class="wp-block-file__button wp-element-button" download aria-describedby="wp-block-file--media-278cea76-2635-4112-89f8-4f91d81f6146">Descarga</a></div>



<p><strong>RESOLUCIÓN PROVISIONAL BAREMO ERASMUS + MOVILIDAD A BIENTINA</strong></p>
<p>Se abre plazo para alegaciones desde <strong>hoy miércoles 20 de noviembre hasta el viernes 22 de noviembre.</strong>  Las alegaciones deben enviarse a jefaturaeso@cpivaldelaatalaya.es.</p>
<p>Tras el plazo de las alegaciones, se enviará un tokapp a las familias interesadas para informarles de la modificación del baremo, en el caso de que sean aceptadas, o bien de la resolución definitiva del baremo definitivo. Aquí tenéis el enlace al documento: </p>
<p> </p>



<div data-wp-interactive="core/file" class="wp-block-file"><object data-wp-bind--hidden="!state.hasPdfPreview" hidden class="wp-block-file__embed" data="https://cpivaldelaatalaya.es/wp-content/uploads/2024/11/Baremo-alumnado-movilidad-2o-ESO-2024-25-WEB.xlsx-Hoja1.pdf" type="application/pdf" style="width:100%;height:600px" aria-label="Incrustado de Baremo alumnado movilidad 2º ESO (2024-25) WEB.xlsx - Hoja1."></object><a id="wp-block-file--media-d3fd9bba-683b-45dd-b960-428f74573e11" href="https://cpivaldelaatalaya.es/wp-content/uploads/2024/11/Baremo-alumnado-movilidad-2o-ESO-2024-25-WEB.xlsx-Hoja1.pdf">Baremo alumnado movilidad 2º ESO (2024-25) WEB.xlsx &#8211; Hoja1</a><a href="https://cpivaldelaatalaya.es/wp-content/uploads/2024/11/Baremo-alumnado-movilidad-2o-ESO-2024-25-WEB.xlsx-Hoja1.pdf" class="wp-block-file__button wp-element-button" download aria-describedby="wp-block-file--media-d3fd9bba-683b-45dd-b960-428f74573e11">Descarga</a></div>



<p><strong>ACLARACIONES AL BAREMO</strong></p>
<ul>
<li>El concurso Big Challenge ha sido valorado en el apartado Vida escolar.</li>
<li>Para los alumnos que no disponen de DNI, se ha indicado el DNI del padre/madre.</li>
<li>En el empate que ha habido en el 6º puesto, se ha desempatado con la nota media.</li>
<li>Los alumnos empatados a 109 puntos. Se haría el sorteo en caso de que fuese necesario por bajas de los alumnos que están en puestos superiores.</li>
<li>En el documento publicado, se han eliminado las columnas en las que ningún alumno ha obtenido puntuación para favorecer su lectura.</li>
<li>ACNEE/ACNEAE. Informes de altas capacidades. Ningún alumno baremado recibe medidas específicas de apoyo educativo por el hecho de ser de Altas capacidades (en el caso de los alumnos que se presentan a esta movilidad) así que su informe no puntúa. Enfermedades crónicas: Para que se tengan en cuenta en el baremo, deben ser enfermedades que impliquen medidas educativas especiales en el aula. El alumno tiene que ser considerado por este motivo ACNEE.</li>
</ul>



<p><strong>BAREMACIÓN DEFINITIVA  PARA LA MOVILIDAD DE 2º ESO A BIENTINA (ITALIA)</strong></p>





<div data-wp-interactive="core/file" class="wp-block-file"><object data-wp-bind--hidden="!state.hasPdfPreview" hidden class="wp-block-file__embed" data="https://cpivaldelaatalaya.es/wp-content/uploads/2024/11/BAREMO-DEFINITIVO-MOVILIDAD-ALUMNOS-2o-ESO-2024-25-WEB.xlsx-Hoja1.pdf" type="application/pdf" style="width:100%;height:600px" aria-label="Incrustado de BAREMO DEFINITIVO MOVILIDAD ALUMNOS 2º ESO (2024-25) WEB.xlsx - Hoja1."></object><a id="wp-block-file--media-92286701-3e08-4702-b948-5867c1ae10a2" href="https://cpivaldelaatalaya.es/wp-content/uploads/2024/11/BAREMO-DEFINITIVO-MOVILIDAD-ALUMNOS-2o-ESO-2024-25-WEB.xlsx-Hoja1.pdf">BAREMO DEFINITIVO MOVILIDAD ALUMNOS 2º ESO (2024-25) WEB.xlsx &#8211; Hoja1</a><a href="https://cpivaldelaatalaya.es/wp-content/uploads/2024/11/BAREMO-DEFINITIVO-MOVILIDAD-ALUMNOS-2o-ESO-2024-25-WEB.xlsx-Hoja1.pdf" class="wp-block-file__button wp-element-button" download aria-describedby="wp-block-file--media-92286701-3e08-4702-b948-5867c1ae10a2">Descarga</a></div>

<p>Estimadas familias. Os adjuntamos definitivo para la movilidad de Holanda. Aclaración sobre el baremo definitivo de 3º ESO para la movilidad de Holanda: El documento publicado es el baremo definitivo DNI del listado: en algunos de los alumnos no hemos encontrado el número de DNI, por tanto aparecen con el número de alguno de los &hellip; </p>
<p><a class="more-link btn" href="https://cpivaldelaatalaya.es/?page_id=8047">Seguir leyendo</a></p>
