{"id":7903,"date":"2024-05-31T11:41:52","date_gmt":"2024-05-31T11:41:52","guid":{"rendered":"https:\/\/cpivaldelaatalaya.es\/?page_id=7903"},"modified":"2024-06-02T15:40:00","modified_gmt":"2024-06-02T15:40:00","slug":"evaluacion-de-diagnostico","status":"publish","type":"page","link":"https:\/\/cpivaldelaatalaya.es\/?page_id=7903","title":{"rendered":"Evaluaci\u00f3n de diagn\u00f3stico"},"content":{"rendered":"\n\n\n<p>Este curso escolar se aplicar\u00e1 una evaluaci\u00f3n a todo el alumnado de 4\u00ba de primaria y 2\u00ba de secundaria seg\u00fan se establece en la Ley Org\u00e1nica 3\/2020, de 29 de diciembre (LOMLOE), por la que se modifica la Ley Org\u00e1nica 2\/2006, de 3 de mayo, de Educaci\u00f3n, en sus art\u00edculos 21, 29 y 144.<\/p>\n<p>Esta evaluaci\u00f3n tendr\u00e1 car\u00e1cter informativo, formativo y orientador para los centros, para el profesorado, para el alumnado y sus familias y para el conjunto de la comunidad educativa y ser\u00e1 responsabilidad de las administraciones educativas de las Comunidades Aut\u00f3nomas (CCAA). El Instituto Nacional de Evaluaci\u00f3n Educativa (INEE) ha establecido el Marco General de las evaluaciones del sistema educativo.<\/p>\n<p>En 2024, en los centros educativos de Arag\u00f3n, tendr\u00e1 lugar durante los periodos siguientes:<\/p>\n<p>PRIMARIA: Del 27 de mayo al 7 de junio.<\/p>\n<p><span style=\"font-size: revert;\">SECUNDARIA: Del 13 de mayo al 24 de mayo.<\/span><\/p>\n<p>Se realizar\u00e1 una prueba de Matem\u00e1ticas y otra prueba de Lengua Castellana y Literatura. Y para poder analizar de forma contextualizada los resultados, se proporcionar\u00e1n cuestionarios para recoger informaci\u00f3n de tipo socio econ\u00f3mico y cultural de los estudiantes. En el caso de los alumnos de primaria ser\u00e1n las familias la que lo completen y lo devuelvan al centro para recoger las respuestas de manera digitalizada y completamente an\u00f3nimas.<\/p>\n<p>El principal objetivo de estas pruebas es obtener indicadores sobre la adquisici\u00f3n de las competencias espec\u00edficas evaluadas que permitan, principalmente a los centros educativos y alas autoridades responsables en educaci\u00f3n, establecer diagn\u00f3sticos sobre las medidas y planes de mejora puestos en marcha. Por ello, estas pruebas no suponen una evaluaci\u00f3n individual del alumnado ni este ha de modificar sus rutinas de aprendizaje por estas evaluaciones.<\/p>\n<p>Aqu\u00ed os dejamos dos v\u00eddeos explicativos:<\/p>\n<p>PARA LA FAMILIA:<\/p>\n<p><iframe loading=\"lazy\" title=\"FAMILIAS EVALUACI\u00d3N DE DIAGN\u00d3STICO ARAG\u00d3N 2024\" width=\"750\" height=\"422\" src=\"https:\/\/www.youtube.com\/embed\/bSFK9eVAsh0?feature=oembed\" frameborder=\"0\" allow=\"accelerometer; autoplay; clipboard-write; encrypted-media; gyroscope; picture-in-picture; web-share\" referrerpolicy=\"strict-origin-when-cross-origin\" allowfullscreen><\/iframe><\/p>\n<p>PARA EL ALUMNADO:\u00a0<\/p>\n<p><iframe loading=\"lazy\" title=\"ALUMNADO ARAG\u00d3N EVALUACI\u00d3N DE DIAGN\u00d3STICO ED\" width=\"750\" height=\"422\" src=\"https:\/\/www.youtube.com\/embed\/5xx6RfbElmo?feature=oembed\" frameborder=\"0\" allow=\"accelerometer; autoplay; clipboard-write; encrypted-media; gyroscope; picture-in-picture; web-share\" referrerpolicy=\"strict-origin-when-cross-origin\" allowfullscreen><\/iframe><\/p>\n<p>\u00a0<\/p>\n\n\n\n<p>ENLACE PARA EL ALUMNADO:<\/p>\n<p><a href=\"https:\/\/goya.evaluaciondiagnosticoaragon.com\/login\/index.php\">Enlace web de acceso a las pruebas<\/a><\/p>\n\n\n\n\n","protected":false},"excerpt":{"rendered":"<p>Este curso escolar se aplicar\u00e1 una evaluaci\u00f3n a todo el alumnado de 4\u00ba de primaria y 2\u00ba de secundaria seg\u00fan se establece en la Ley Org\u00e1nica 3\/2020, de 29 de diciembre (LOMLOE), por la que se modifica la Ley Org\u00e1nica 2\/2006, de 3 de mayo, de Educaci\u00f3n, en sus art\u00edculos 21, 29 y 144. Esta &hellip; <\/p>\n<p><a class=\"more-link btn\" href=\"https:\/\/cpivaldelaatalaya.es\/?page_id=7903\">Seguir leyendo<\/a><\/p>\n","protected":false},"author":2,"featured_media":0,"parent":0,"menu_order":0,"comment_status":"closed","ping_status":"closed","template":"","meta":{"footnotes":""},"class_list":["post-7903","page","type-page","status-publish","hentry","nodate","item-wrap"],"_links":{"self":[{"href":"https:\/\/cpivaldelaatalaya.es\/index.php?rest_route=\/wp\/v2\/pages\/7903","targetHints":{"allow":["GET"]}}],"collection":[{"href":"https:\/\/cpivaldelaatalaya.es\/index.php?rest_route=\/wp\/v2\/pages"}],"about":[{"href":"https:\/\/cpivaldelaatalaya.es\/index.php?rest_route=\/wp\/v2\/types\/page"}],"author":[{"embeddable":true,"href":"https:\/\/cpivaldelaatalaya.es\/index.php?rest_route=\/wp\/v2\/users\/2"}],"replies":[{"embeddable":true,"href":"https:\/\/cpivaldelaatalaya.es\/index.php?rest_route=%2Fwp%2Fv2%2Fcomments&post=7903"}],"version-history":[{"count":3,"href":"https:\/\/cpivaldelaatalaya.es\/index.php?rest_route=\/wp\/v2\/pages\/7903\/revisions"}],"predecessor-version":[{"id":7951,"href":"https:\/\/cpivaldelaatalaya.es\/index.php?rest_route=\/wp\/v2\/pages\/7903\/revisions\/7951"}],"wp:attachment":[{"href":"https:\/\/cpivaldelaatalaya.es\/index.php?rest_route=%2Fwp%2Fv2%2Fmedia&parent=7903"}],"curies":[{"name":"wp","href":"https:\/\/api.w.org\/{rel}","templated":true}]}}

Evaluación de diagnóstico

<p>Este curso escolar se aplicará una evaluación a todo el alumnado de 4º de primaria y 2º de secundaria según se establece en la Ley Orgánica 3/2020, de 29 de diciembre (LOMLOE), por la que se modifica la Ley Orgánica 2/2006, de 3 de mayo, de Educación, en sus artículos 21, 29 y 144.</p>
<p>Esta evaluación tendrá carácter informativo, formativo y orientador para los centros, para el profesorado, para el alumnado y sus familias y para el conjunto de la comunidad educativa y será responsabilidad de las administraciones educativas de las Comunidades Autónomas (CCAA). El Instituto Nacional de Evaluación Educativa (INEE) ha establecido el Marco General de las evaluaciones del sistema educativo.</p>
<p>En 2024, en los centros educativos de Aragón, tendrá lugar durante los periodos siguientes:</p>
<p>PRIMARIA: Del 27 de mayo al 7 de junio.</p>
<p><span style="font-size: revert;">SECUNDARIA: Del 13 de mayo al 24 de mayo.</span></p>
<p>Se realizará una prueba de Matemáticas y otra prueba de Lengua Castellana y Literatura. Y para poder analizar de forma contextualizada los resultados, se proporcionarán cuestionarios para recoger información de tipo socio económico y cultural de los estudiantes. En el caso de los alumnos de primaria serán las familias la que lo completen y lo devuelvan al centro para recoger las respuestas de manera digitalizada y completamente anónimas.</p>
<p>El principal objetivo de estas pruebas es obtener indicadores sobre la adquisición de las competencias específicas evaluadas que permitan, principalmente a los centros educativos y alas autoridades responsables en educación, establecer diagnósticos sobre las medidas y planes de mejora puestos en marcha. Por ello, estas pruebas no suponen una evaluación individual del alumnado ni este ha de modificar sus rutinas de aprendizaje por estas evaluaciones.</p>
<p>Aquí os dejamos dos vídeos explicativos:</p>
<p>PARA LA FAMILIA:</p>
<p><iframe loading="lazy" title="FAMILIAS EVALUACIÓN DE DIAGNÓSTICO ARAGÓN 2024" width="750" height="422" src="https://www.youtube.com/embed/bSFK9eVAsh0?feature=oembed" frameborder="0" allow="accelerometer; autoplay; clipboard-write; encrypted-media; gyroscope; picture-in-picture; web-share" referrerpolicy="strict-origin-when-cross-origin" allowfullscreen></iframe></p>
<p>PARA EL ALUMNADO: </p>
<p><iframe loading="lazy" title="ALUMNADO ARAGÓN EVALUACIÓN DE DIAGNÓSTICO ED" width="750" height="422" src="https://www.youtube.com/embed/5xx6RfbElmo?feature=oembed" frameborder="0" allow="accelerometer; autoplay; clipboard-write; encrypted-media; gyroscope; picture-in-picture; web-share" referrerpolicy="strict-origin-when-cross-origin" allowfullscreen></iframe></p>
<p> </p>



<p>ENLACE PARA EL ALUMNADO:</p>
<p><a href="https://goya.evaluaciondiagnosticoaragon.com/login/index.php">Enlace web de acceso a las pruebas</a></p>

<p>Este curso escolar se aplicará una evaluación a todo el alumnado de 4º de primaria y 2º de secundaria según se establece en la Ley Orgánica 3/2020, de 29 de diciembre (LOMLOE), por la que se modifica la Ley Orgánica 2/2006, de 3 de mayo, de Educación, en sus artículos 21, 29 y 144. Esta &hellip; </p>
<p><a class="more-link btn" href="https://cpivaldelaatalaya.es/?page_id=7903">Seguir leyendo</a></p>
