{"id":7472,"date":"2023-10-17T07:42:24","date_gmt":"2023-10-17T07:42:24","guid":{"rendered":"https:\/\/cpivaldelaatalaya.es\/?page_id=7472"},"modified":"2023-11-01T16:38:22","modified_gmt":"2023-11-01T16:38:22","slug":"erasmus-2","status":"publish","type":"page","link":"https:\/\/cpivaldelaatalaya.es\/?page_id=7472","title":{"rendered":"ERASMUS+"},"content":{"rendered":"<p>Erasmus+ es un programa financiado por la Uni\u00f3n Europea para promover estancias en el<br \/>\nextranjero e intercambios internacionales que contribuyan a apoyar la educaci\u00f3n y la<br \/>\nformaci\u00f3n de los ciudadanos de los pa\u00edses miembros de la UE, especialmente entre las<br \/>\npersonas j\u00f3venes y los profesionales de la educaci\u00f3n.<\/p>\n<p>Gracias al programa, maestros, profesores y estudiantes de un amplio rango de edad<br \/>\npueden entrar en contacto, conocer y aprender acerca del sistema y de los proyectos<br \/>\neducativos que desarrollen diferentes centros escolares en cualquiera de los 28 pa\u00edses que<br \/>\nactualmente forman parte de la UE. Estos contactos o experiencias se canalizan a trav\u00e9s de<br \/>\nestancias formativas para profesionales, como por ejemplo la asistencia a cursos de<br \/>\nformaci\u00f3n y a jornadas escolares de observaci\u00f3n en el aula en aquellos centros destino de<br \/>\nla movilidad, y a trav\u00e9s de estancias de corta o larga duraci\u00f3n para estudiantes, integradas<br \/>\ndentro de la jornada escolar y la vida diaria de aquellos centros internacionales con los que<br \/>\nse decide establecer una relaci\u00f3n de colaboraci\u00f3n (partnership).<\/p>\n<p>La participaci\u00f3n de nuestro centro en el programa, en el cual estamos acreditados para el<br \/>\nperiodo 2022-2027, supone un importante cambio a varios niveles del que esperamos ver<br \/>\nsus frutos en los a\u00f1os venideros.<\/p>\n<p>Dentro de los objetivos que nos hemos planteado dentro del programa, estar\u00eda lograr una<br \/>\ntransformaci\u00f3n del proceso de ense\u00f1anza-aprendizaje, enfoc\u00e1ndonos en la evaluaci\u00f3n y el<br \/>\nmodo de evaluar como elemento clave para lograr esta transformaci\u00f3n, la b\u00fasqueda de<br \/>\nnuevas ideas y proyectos para la creaci\u00f3n de nuevos espacios educativos en el centro y la<br \/>\noptimizaci\u00f3n de aquellos ya existentes y la formaci\u00f3n de alumnos y profesores a trav\u00e9s de<br \/>\nlos m\u00e1s variados canales de aprendizaje, expresi\u00f3n y lenguaje (deporte, idiomas, m\u00fasica y<br \/>\narte).<\/p>\n<p>Este planteamiento, preparaci\u00f3n, desarrollo y en su caso, consecuci\u00f3n de dichos objetivos<br \/>\nesperamos que lleve a una mejora integral de nuestro colegio y de la calidad de la<br \/>\nense\u00f1anza del mismo, contribuyendo asimismo a la internacionalizaci\u00f3n y europeizaci\u00f3n de<br \/>\nnuestro centro, dentro de un mundo m\u00e1s global que nunca.<\/p>\n<h2><strong>Erasmus+<\/strong><\/h2>\n<p>Erasmus+ is a European programme funded by the European Union to promote international<br \/>\nexchanges and mobilities abroad, supporting the education and training of EU citizens,<br \/>\nespecially among young people and professionals who belong to the educational sphere.<br \/>\nThanks to this programme, students and teachers from a varied range of ages can meet and<br \/>\nlearn about the educational system and programmes developed by different schools and<br \/>\ninstitutions in any of the 28 countries that are currently members of the European Union.<br \/>\nThese contacts and experiences are channelled throughout educational stays for<br \/>\nprofessionals, such as training courses or job shadowing in those centres that become<br \/>\nmutual partners and destinations for the exchange, and short or long stays abroad for<br \/>\nstudents, where they are integrated in school and daily life of those schools which a<br \/>\ncollaboration is established with (partnership).<\/p>\n<p>Our participation in the programme, for which we are accredited for 2022-2027, means a<br \/>\nrelevant change in different levels, that is expected to produce results in the next few years.<br \/>\nAmong the goals designed for our plan, we wish to transform the teaching learning process<br \/>\nby focusing on the assessment methods as a key element to reach that transformation. We<br \/>\nare also looking for new ideas and projects in order to create new educational spaces in our<br \/>\nschool and optimise the existing ones, and the development of students and teachers using<br \/>\na variety of channels related to teaching, learning and self-expression (sports, languages,<br \/>\nmusic and arts).<\/p>\n<p>We expect that the design, preparation, development and in this case, achievement of such<br \/>\ngoals will bring about a comprehensive improvement of our school and the quality of the<br \/>\nteaching learning taught in it, contributing at the same time to the internationalisation and<br \/>\nEuropeanisation of it, hence becoming part of the modern global reality and world.<\/p>\n","protected":false},"excerpt":{"rendered":"<p>Erasmus+ es un programa financiado por la Uni\u00f3n Europea para promover estancias en el extranjero e intercambios internacionales que contribuyan a apoyar la educaci\u00f3n y la formaci\u00f3n de los ciudadanos de los pa\u00edses miembros de la UE, especialmente entre las personas j\u00f3venes y los profesionales de la educaci\u00f3n. Gracias al programa, maestros, profesores y estudiantes &hellip; <\/p>\n<p><a class=\"more-link btn\" href=\"https:\/\/cpivaldelaatalaya.es\/?page_id=7472\">Seguir leyendo<\/a><\/p>\n","protected":false},"author":2,"featured_media":0,"parent":0,"menu_order":0,"comment_status":"closed","ping_status":"closed","template":"","meta":{"footnotes":""},"class_list":["post-7472","page","type-page","status-publish","hentry","nodate","item-wrap"],"_links":{"self":[{"href":"https:\/\/cpivaldelaatalaya.es\/index.php?rest_route=\/wp\/v2\/pages\/7472","targetHints":{"allow":["GET"]}}],"collection":[{"href":"https:\/\/cpivaldelaatalaya.es\/index.php?rest_route=\/wp\/v2\/pages"}],"about":[{"href":"https:\/\/cpivaldelaatalaya.es\/index.php?rest_route=\/wp\/v2\/types\/page"}],"author":[{"embeddable":true,"href":"https:\/\/cpivaldelaatalaya.es\/index.php?rest_route=\/wp\/v2\/users\/2"}],"replies":[{"embeddable":true,"href":"https:\/\/cpivaldelaatalaya.es\/index.php?rest_route=%2Fwp%2Fv2%2Fcomments&post=7472"}],"version-history":[{"count":2,"href":"https:\/\/cpivaldelaatalaya.es\/index.php?rest_route=\/wp\/v2\/pages\/7472\/revisions"}],"predecessor-version":[{"id":7488,"href":"https:\/\/cpivaldelaatalaya.es\/index.php?rest_route=\/wp\/v2\/pages\/7472\/revisions\/7488"}],"wp:attachment":[{"href":"https:\/\/cpivaldelaatalaya.es\/index.php?rest_route=%2Fwp%2Fv2%2Fmedia&parent=7472"}],"curies":[{"name":"wp","href":"https:\/\/api.w.org\/{rel}","templated":true}]}}

<p>Erasmus+ es un programa financiado por la Unión Europea para promover estancias en el<br />
extranjero e intercambios internacionales que contribuyan a apoyar la educación y la<br />
formación de los ciudadanos de los países miembros de la UE, especialmente entre las<br />
personas jóvenes y los profesionales de la educación.</p>
<p>Gracias al programa, maestros, profesores y estudiantes de un amplio rango de edad<br />
pueden entrar en contacto, conocer y aprender acerca del sistema y de los proyectos<br />
educativos que desarrollen diferentes centros escolares en cualquiera de los 28 países que<br />
actualmente forman parte de la UE. Estos contactos o experiencias se canalizan a través de<br />
estancias formativas para profesionales, como por ejemplo la asistencia a cursos de<br />
formación y a jornadas escolares de observación en el aula en aquellos centros destino de<br />
la movilidad, y a través de estancias de corta o larga duración para estudiantes, integradas<br />
dentro de la jornada escolar y la vida diaria de aquellos centros internacionales con los que<br />
se decide establecer una relación de colaboración (partnership).</p>
<p>La participación de nuestro centro en el programa, en el cual estamos acreditados para el<br />
periodo 2022-2027, supone un importante cambio a varios niveles del que esperamos ver<br />
sus frutos en los años venideros.</p>
<p>Dentro de los objetivos que nos hemos planteado dentro del programa, estaría lograr una<br />
transformación del proceso de enseñanza-aprendizaje, enfocándonos en la evaluación y el<br />
modo de evaluar como elemento clave para lograr esta transformación, la búsqueda de<br />
nuevas ideas y proyectos para la creación de nuevos espacios educativos en el centro y la<br />
optimización de aquellos ya existentes y la formación de alumnos y profesores a través de<br />
los más variados canales de aprendizaje, expresión y lenguaje (deporte, idiomas, música y<br />
arte).</p>
<p>Este planteamiento, preparación, desarrollo y en su caso, consecución de dichos objetivos<br />
esperamos que lleve a una mejora integral de nuestro colegio y de la calidad de la<br />
enseñanza del mismo, contribuyendo asimismo a la internacionalización y europeización de<br />
nuestro centro, dentro de un mundo más global que nunca.</p>
<h2><strong>Erasmus+</strong></h2>
<p>Erasmus+ is a European programme funded by the European Union to promote international<br />
exchanges and mobilities abroad, supporting the education and training of EU citizens,<br />
especially among young people and professionals who belong to the educational sphere.<br />
Thanks to this programme, students and teachers from a varied range of ages can meet and<br />
learn about the educational system and programmes developed by different schools and<br />
institutions in any of the 28 countries that are currently members of the European Union.<br />
These contacts and experiences are channelled throughout educational stays for<br />
professionals, such as training courses or job shadowing in those centres that become<br />
mutual partners and destinations for the exchange, and short or long stays abroad for<br />
students, where they are integrated in school and daily life of those schools which a<br />
collaboration is established with (partnership).</p>
<p>Our participation in the programme, for which we are accredited for 2022-2027, means a<br />
relevant change in different levels, that is expected to produce results in the next few years.<br />
Among the goals designed for our plan, we wish to transform the teaching learning process<br />
by focusing on the assessment methods as a key element to reach that transformation. We<br />
are also looking for new ideas and projects in order to create new educational spaces in our<br />
school and optimise the existing ones, and the development of students and teachers using<br />
a variety of channels related to teaching, learning and self-expression (sports, languages,<br />
music and arts).</p>
<p>We expect that the design, preparation, development and in this case, achievement of such<br />
goals will bring about a comprehensive improvement of our school and the quality of the<br />
teaching learning taught in it, contributing at the same time to the internationalisation and<br />
Europeanisation of it, hence becoming part of the modern global reality and world.</p>

<p>Erasmus+ es un programa financiado por la Unión Europea para promover estancias en el extranjero e intercambios internacionales que contribuyan a apoyar la educación y la formación de los ciudadanos de los países miembros de la UE, especialmente entre las personas jóvenes y los profesionales de la educación. Gracias al programa, maestros, profesores y estudiantes &hellip; </p>
<p><a class="more-link btn" href="https://cpivaldelaatalaya.es/?page_id=7472">Seguir leyendo</a></p>
