{"id":5403,"date":"2021-04-30T20:12:27","date_gmt":"2021-04-30T20:12:27","guid":{"rendered":"http:\/\/cpivaldelaatalaya.es\/?page_id=5403"},"modified":"2025-09-02T18:35:07","modified_gmt":"2025-09-02T18:35:07","slug":"tutorias-3","status":"publish","type":"page","link":"https:\/\/cpivaldelaatalaya.es\/?page_id=5403","title":{"rendered":"Tutor\u00edas"},"content":{"rendered":"\n<p align=\"center\"><span style=\"font-size: small;\"><u><b>CORREOS ELECTR\u00d3NICOS DE LOS TUTORES DE INFANTIL 2025-2026<\/b><\/u><\/span><\/p>\n<table style=\"width: 100%; height: 434px;\" width=\"751\" cellspacing=\"0\" cellpadding=\"8\">\n<tbody>\n<tr style=\"height: 62px;\" valign=\"top\">\n<td style=\"height: 62px;\" bgcolor=\"#bff9b9\" width=\"117\">\n<p><span style=\"font-size: small;\"><b>GRUPO<\/b><\/span><\/p>\n<\/td>\n<td style=\"height: 62px;\" bgcolor=\"#bff9b9\" width=\"254\">\n<p><span style=\"font-size: small;\"><b>NOMBRE TUTOR\/A<\/b><\/span><\/p>\n<\/td>\n<td style=\"height: 62px;\" bgcolor=\"#bff9b9\" width=\"328\">\n<p><span style=\"font-size: small;\"><b>CORREO ELECTR\u00d3NICO<\/b><\/span><\/p>\n<\/td>\n<\/tr>\n<tr style=\"height: 62px;\" valign=\"top\">\n<td style=\"height: 62px;\" width=\"117\">\n<p><span style=\"font-size: small;\">3 A\u00d1OS A<\/span><\/p>\n<\/td>\n<td style=\"height: 62px;\" width=\"254\">\n<p><span style=\"font-size: small;\">ASUN MARTINEZ<\/span><\/p>\n<\/td>\n<td style=\"height: 62px;\" width=\"328\">\n<p><span style=\"font-size: small;\">mamartinez@cpivaldelaatalaya.es<\/span><\/p>\n<\/td>\n<\/tr>\n<tr style=\"height: 62px;\" valign=\"top\">\n<td style=\"height: 62px;\" width=\"117\">\n<p><span style=\"font-size: small;\">3 A\u00d1OS B<\/span><\/p>\n<\/td>\n<td style=\"height: 62px;\" width=\"254\">\n<p><span style=\"font-size: small;\">ELENA FRAILE<\/span><\/p>\n<\/td>\n<td style=\"height: 62px;\" width=\"328\">\n<p><span style=\"font-size: small;\">efraile@cpivaldelaatalaya.es<\/span><\/p>\n<\/td>\n<\/tr>\n<tr style=\"height: 62px;\" valign=\"top\">\n<td style=\"height: 62px;\" width=\"117\">\n<p><span style=\"font-size: small;\">4 A\u00d1OS A<\/span><\/p>\n<\/td>\n<td style=\"height: 62px;\" width=\"254\">\n<p><span style=\"font-size: small;\">MERCHE RUIZ<\/span><\/p>\n<\/td>\n<td style=\"height: 62px;\" width=\"328\">\n<p><span style=\"font-size: small;\">mruiz@cpivaldelaatalaya.es<\/span><\/p>\n<\/td>\n<\/tr>\n<tr style=\"height: 62px;\" valign=\"top\">\n<td style=\"height: 62px;\" width=\"117\"><span style=\"font-size: small;\">4 A\u00d1OS B<\/span><\/td>\n<td style=\"height: 62px;\" width=\"254\"><span style=\"font-size: small;\">SONIA M\u00aa SANCHEZ<\/span><\/td>\n<td style=\"height: 62px;\" width=\"328\">\n<p><span style=\"font-size: small;\">ssanchez@cpivaldelaatalaya.es<\/span><\/p>\n<\/td>\n<\/tr>\n<tr style=\"height: 62px;\" valign=\"top\">\n<td style=\"height: 62px;\" width=\"117\">\n<p><span style=\"font-size: small;\">5 A\u00d1OS A<\/span><\/p>\n<\/td>\n<td style=\"height: 62px;\" width=\"254\">\n<p><span style=\"font-size: small;\">ANA NAVARRO<\/span><\/p>\n<\/td>\n<td style=\"height: 62px;\" width=\"328\">\n<p><span style=\"font-size: small;\">anavarro@cpivaldelaatalaya.es<\/span><\/p>\n<\/td>\n<\/tr>\n<tr style=\"height: 62px;\" valign=\"top\">\n<td style=\"height: 62px;\" width=\"117\">\n<p><span style=\"font-size: small;\">5 A\u00d1OS B<\/span><\/p>\n<\/td>\n<td style=\"height: 62px;\" width=\"254\">\n<p><span style=\"font-size: small;\">PILI BALLEST\u00cdN<\/span><\/p>\n<\/td>\n<td style=\"height: 62px;\" width=\"328\">\n<p><span style=\"font-size: small;\">pballestin@cpivaldelaatalaya.es<\/span><\/p>\n<\/td>\n<\/tr>\n<\/tbody>\n<\/table>\n\n\n\n\n\n<table cellspacing=\"0\" cellpadding=\"8\">\n<tbody>\n<tr valign=\"top\">\n<td bgcolor=\"#bff9b9\" width=\"117\">\n<p><span style=\"font-size: small;\"><b>GRUPO<\/b><\/span><\/p>\n<\/td>\n<td bgcolor=\"#bff9b9\" width=\"254\">\n<p><span style=\"font-size: small;\"><b>ESPECIALISTAS DE INGL\u00c9S<\/b><\/span><\/p>\n<\/td>\n<td bgcolor=\"#bff9b9\" width=\"328\">\n<p><span style=\"font-size: small;\"><b>CORREO ELECTR\u00d3NICO<\/b><\/span><\/p>\n<\/td>\n<\/tr>\n<tr valign=\"top\">\n<td width=\"117\">\n<p><span style=\"font-size: small;\">3 A\u00d1OS A YB y 5 A\u00d1OS A y B<\/span><\/p>\n<\/td>\n<td width=\"254\">\n<p><span style=\"font-size: small;\">MAR\u00cdA GARC\u00cdA<\/span><\/p>\n<\/td>\n<td width=\"328\">\n<p><span style=\"font-size: small;\">mgarcia@cpivaldelaatalaya.es<\/span><\/p>\n<\/td>\n<\/tr>\n<tr valign=\"top\">\n<td width=\"117\">\n<p><span style=\"font-size: small;\">4 A\u00d1OS A y B y 5 A\u00d1OS A<\/span><\/p>\n<\/td>\n<td width=\"254\">\n<p><span style=\"font-size: small;\">M\u00d3NICA PRIETO<\/span><\/p>\n<\/td>\n<td width=\"328\">\n<p><span style=\"font-size: small;\">mprieto@cpivaldelaatalaya.es<\/span><\/p>\n<\/td>\n<\/tr>\n<\/tbody>\n<\/table>\n","protected":false},"excerpt":{"rendered":"<p>CORREOS ELECTR\u00d3NICOS DE LOS TUTORES DE INFANTIL 2025-2026 GRUPO NOMBRE TUTOR\/A CORREO ELECTR\u00d3NICO 3 A\u00d1OS A ASUN MARTINEZ mamartinez@cpivaldelaatalaya.es 3 A\u00d1OS B ELENA FRAILE efraile@cpivaldelaatalaya.es 4 A\u00d1OS A MERCHE RUIZ mruiz@cpivaldelaatalaya.es 4 A\u00d1OS B SONIA M\u00aa SANCHEZ ssanchez@cpivaldelaatalaya.es 5 A\u00d1OS A ANA NAVARRO anavarro@cpivaldelaatalaya.es 5 A\u00d1OS B PILI BALLEST\u00cdN pballestin@cpivaldelaatalaya.es GRUPO ESPECIALISTAS DE INGL\u00c9S CORREO &hellip; <\/p>\n<p><a class=\"more-link btn\" href=\"https:\/\/cpivaldelaatalaya.es\/?page_id=5403\">Seguir leyendo<\/a><\/p>\n","protected":false},"author":2,"featured_media":0,"parent":0,"menu_order":0,"comment_status":"closed","ping_status":"closed","template":"","meta":{"footnotes":""},"class_list":["post-5403","page","type-page","status-publish","hentry","nodate","item-wrap"],"_links":{"self":[{"href":"https:\/\/cpivaldelaatalaya.es\/index.php?rest_route=\/wp\/v2\/pages\/5403","targetHints":{"allow":["GET"]}}],"collection":[{"href":"https:\/\/cpivaldelaatalaya.es\/index.php?rest_route=\/wp\/v2\/pages"}],"about":[{"href":"https:\/\/cpivaldelaatalaya.es\/index.php?rest_route=\/wp\/v2\/types\/page"}],"author":[{"embeddable":true,"href":"https:\/\/cpivaldelaatalaya.es\/index.php?rest_route=\/wp\/v2\/users\/2"}],"replies":[{"embeddable":true,"href":"https:\/\/cpivaldelaatalaya.es\/index.php?rest_route=%2Fwp%2Fv2%2Fcomments&post=5403"}],"version-history":[{"count":9,"href":"https:\/\/cpivaldelaatalaya.es\/index.php?rest_route=\/wp\/v2\/pages\/5403\/revisions"}],"predecessor-version":[{"id":8884,"href":"https:\/\/cpivaldelaatalaya.es\/index.php?rest_route=\/wp\/v2\/pages\/5403\/revisions\/8884"}],"wp:attachment":[{"href":"https:\/\/cpivaldelaatalaya.es\/index.php?rest_route=%2Fwp%2Fv2%2Fmedia&parent=5403"}],"curies":[{"name":"wp","href":"https:\/\/api.w.org\/{rel}","templated":true}]}}