{"id":5354,"date":"2021-04-30T19:26:02","date_gmt":"2021-04-30T19:26:02","guid":{"rendered":"http:\/\/cpivaldelaatalaya.es\/?page_id=5354"},"modified":"2022-02-10T08:23:58","modified_gmt":"2022-02-10T08:23:58","slug":"orientacion-academica-y-profesional","status":"publish","type":"page","link":"https:\/\/cpivaldelaatalaya.es\/?page_id=5354","title":{"rendered":"Orientaci\u00f3n acad\u00e9mica y profesional"},"content":{"rendered":"\n<p align=\"justify\"><span style=\"font-family: Arial, serif;\">Compartimos con las familias de secundaria documentos y p\u00e1ginas web que pueden ayudaros para orientar a vuestros hijos\/as en la toma de decisiones acad\u00e9micas y profesionales. Encontrar\u00e9is cuestionarios sobre intereses profesionales, informaci\u00f3n sobre Bachillerato, Formaci\u00f3n Profesional, sobre la Universidad y sobre otras posibles salidas como ense\u00f1anzas art\u00edsticas, deportivas, Polic\u00eda Nacional, Guardia Civil, bomberos y el Fuerzas Armadas. Para m\u00e1s informaci\u00f3n, pincha sobre la imagen.\u00a0<\/span><\/p>\n<p><a href=\"https:\/\/padlet.com\/rosavalls\/9gk6u7nffvgawsni\"><img loading=\"lazy\" decoding=\"async\" class=\"alignnone  wp-image-6187\" src=\"https:\/\/cpivaldelaatalaya.es\/wp-content\/uploads\/2022\/02\/Padlet-orientacion-academica-300x163.png\" alt=\"\" width=\"515\" height=\"280\" srcset=\"https:\/\/cpivaldelaatalaya.es\/wp-content\/uploads\/2022\/02\/Padlet-orientacion-academica-300x163.png 300w, https:\/\/cpivaldelaatalaya.es\/wp-content\/uploads\/2022\/02\/Padlet-orientacion-academica-1024x556.png 1024w, https:\/\/cpivaldelaatalaya.es\/wp-content\/uploads\/2022\/02\/Padlet-orientacion-academica-768x417.png 768w, https:\/\/cpivaldelaatalaya.es\/wp-content\/uploads\/2022\/02\/Padlet-orientacion-academica-1536x834.png 1536w, https:\/\/cpivaldelaatalaya.es\/wp-content\/uploads\/2022\/02\/Padlet-orientacion-academica-750x407.png 750w, https:\/\/cpivaldelaatalaya.es\/wp-content\/uploads\/2022\/02\/Padlet-orientacion-academica.png 1673w\" sizes=\"auto, (max-width: 515px) 100vw, 515px\" \/><\/a><\/p>\n","protected":false},"excerpt":{"rendered":"<p>Compartimos con las familias de secundaria documentos y p\u00e1ginas web que pueden ayudaros para orientar a vuestros hijos\/as en la toma de decisiones acad\u00e9micas y profesionales. Encontrar\u00e9is cuestionarios sobre intereses profesionales, informaci\u00f3n sobre Bachillerato, Formaci\u00f3n Profesional, sobre la Universidad y sobre otras posibles salidas como ense\u00f1anzas art\u00edsticas, deportivas, Polic\u00eda Nacional, Guardia Civil, bomberos y el &hellip; <\/p>\n<p><a class=\"more-link btn\" href=\"https:\/\/cpivaldelaatalaya.es\/?page_id=5354\">Seguir leyendo<\/a><\/p>\n","protected":false},"author":2,"featured_media":0,"parent":0,"menu_order":0,"comment_status":"closed","ping_status":"closed","template":"","meta":{"footnotes":""},"class_list":["post-5354","page","type-page","status-publish","hentry","nodate","item-wrap"],"_links":{"self":[{"href":"https:\/\/cpivaldelaatalaya.es\/index.php?rest_route=\/wp\/v2\/pages\/5354","targetHints":{"allow":["GET"]}}],"collection":[{"href":"https:\/\/cpivaldelaatalaya.es\/index.php?rest_route=\/wp\/v2\/pages"}],"about":[{"href":"https:\/\/cpivaldelaatalaya.es\/index.php?rest_route=\/wp\/v2\/types\/page"}],"author":[{"embeddable":true,"href":"https:\/\/cpivaldelaatalaya.es\/index.php?rest_route=\/wp\/v2\/users\/2"}],"replies":[{"embeddable":true,"href":"https:\/\/cpivaldelaatalaya.es\/index.php?rest_route=%2Fwp%2Fv2%2Fcomments&post=5354"}],"version-history":[{"count":6,"href":"https:\/\/cpivaldelaatalaya.es\/index.php?rest_route=\/wp\/v2\/pages\/5354\/revisions"}],"predecessor-version":[{"id":6191,"href":"https:\/\/cpivaldelaatalaya.es\/index.php?rest_route=\/wp\/v2\/pages\/5354\/revisions\/6191"}],"wp:attachment":[{"href":"https:\/\/cpivaldelaatalaya.es\/index.php?rest_route=%2Fwp%2Fv2%2Fmedia&parent=5354"}],"curies":[{"name":"wp","href":"https:\/\/api.w.org\/{rel}","templated":true}]}}