{"id":5332,"date":"2021-04-30T19:20:04","date_gmt":"2021-04-30T19:20:04","guid":{"rendered":"http:\/\/cpivaldelaatalaya.es\/?page_id=5332"},"modified":"2021-08-16T11:35:21","modified_gmt":"2021-08-16T11:35:21","slug":"seguro-escolar","status":"publish","type":"page","link":"https:\/\/cpivaldelaatalaya.es\/?page_id=5332","title":{"rendered":"Seguro escolar"},"content":{"rendered":"\n<p>A partir de 3\u00ba ESO, y siguiendo la normativa del Departamento de Educaci\u00f3n Cultura y Deporte del Gobierno de Arag\u00f3n, el alumnado debe pagar 1,12 euros en concepto de seguro escolar, que se abonar\u00e1 en el momento de efectuar la matr\u00edcula a trav\u00e9s de la plataforma para pagos online TPV.\u00a0<\/p>\n","protected":false},"excerpt":{"rendered":"<p>A partir de 3\u00ba ESO, y siguiendo la normativa del Departamento de Educaci\u00f3n Cultura y Deporte del Gobierno de Arag\u00f3n, el alumnado debe pagar 1,12 euros en concepto de seguro escolar, que se abonar\u00e1 en el momento de efectuar la matr\u00edcula a trav\u00e9s de la plataforma para pagos online TPV.\u00a0<\/p>\n","protected":false},"author":2,"featured_media":0,"parent":0,"menu_order":0,"comment_status":"closed","ping_status":"closed","template":"","meta":{"footnotes":""},"class_list":["post-5332","page","type-page","status-publish","hentry","nodate","item-wrap"],"_links":{"self":[{"href":"https:\/\/cpivaldelaatalaya.es\/index.php?rest_route=\/wp\/v2\/pages\/5332","targetHints":{"allow":["GET"]}}],"collection":[{"href":"https:\/\/cpivaldelaatalaya.es\/index.php?rest_route=\/wp\/v2\/pages"}],"about":[{"href":"https:\/\/cpivaldelaatalaya.es\/index.php?rest_route=\/wp\/v2\/types\/page"}],"author":[{"embeddable":true,"href":"https:\/\/cpivaldelaatalaya.es\/index.php?rest_route=\/wp\/v2\/users\/2"}],"replies":[{"embeddable":true,"href":"https:\/\/cpivaldelaatalaya.es\/index.php?rest_route=%2Fwp%2Fv2%2Fcomments&post=5332"}],"version-history":[{"count":2,"href":"https:\/\/cpivaldelaatalaya.es\/index.php?rest_route=\/wp\/v2\/pages\/5332\/revisions"}],"predecessor-version":[{"id":5856,"href":"https:\/\/cpivaldelaatalaya.es\/index.php?rest_route=\/wp\/v2\/pages\/5332\/revisions\/5856"}],"wp:attachment":[{"href":"https:\/\/cpivaldelaatalaya.es\/index.php?rest_route=%2Fwp%2Fv2%2Fmedia&parent=5332"}],"curies":[{"name":"wp","href":"https:\/\/api.w.org\/{rel}","templated":true}]}}