{"id":5311,"date":"2021-04-30T19:15:57","date_gmt":"2021-04-30T19:15:57","guid":{"rendered":"http:\/\/cpivaldelaatalaya.es\/?page_id=5311"},"modified":"2021-05-12T12:02:18","modified_gmt":"2021-05-12T12:02:18","slug":"protocolos","status":"publish","type":"page","link":"https:\/\/cpivaldelaatalaya.es\/?page_id=5311","title":{"rendered":"Protocolos"},"content":{"rendered":"\n<p><span style=\"font-family: Arial, serif;\">\u00a0 En este apartado os explicamos los protocolos que se siguen en el Equipo de Orientaci\u00f3n para atender a los alumnos y las familias que necesiten intervenci\u00f3n desde el equipo.<\/span><\/p>\n<ol>\n<li style=\"list-style-type: none;\">\n<ol>\n<li>\n<p><span style=\"font-family: Arial, serif;\">Asesoramiento familiar.<\/span><\/p>\n<\/li>\n<\/ol>\n<\/li>\n<\/ol>\n<p align=\"justify\"><span style=\"font-family: Arial, serif;\">\u00a0 \u00a0Si desde el centro se detecta alguna necesidad en el alumno que el tutor no pueda atender, ya que se considera que requiere de una respuesta especializada; el tutor informar\u00e1 a la orientadora de esta necesidad. La orientadora convocar\u00e1 a los padres a una cita para <\/span><span style=\"font-family: Arial, serif;\">tratar el tema y colaborar en la b\u00fasqueda de la respuesta m\u00e1s adecuada. <\/span><\/p>\n<ol>\n<li style=\"list-style-type: none;\">\n<ol start=\"2\">\n<li>\n<p><span style=\"font-family: Arial, serif;\">Evaluaci\u00f3n psicopedag\u00f3gica. <\/span><\/p>\n<\/li>\n<\/ol>\n<\/li>\n<\/ol>\n<p align=\"justify\"><span style=\"font-family: Arial, serif;\">\u00a0 \u00a0Si en el centro se detecta que un alumno\/a pudiera necesitar una respuesta educativa distinta a la ordinaria por tener dificultades en su aprendizaje o por presentar posibles altas capacidades intelectuales; el tutor derivar\u00e1 el caso a la orientadora para realizar una evaluaci\u00f3n psicopedag\u00f3gica. \u00danicamente se realizar\u00e1 una evaluaci\u00f3n en los casos en los que se considere que el alumno pueda necesitar una respuesta educativa distinta a la ordinaria, es decir, actuaciones espec\u00edficas de intervenci\u00f3n educativa;\u00a0 tal y como establece la normativa vigente. <\/span><\/p>\n<p align=\"justify\"><span style=\"font-family: Arial, serif;\">\u00a0 \u00a0No se realizar\u00e1n evaluaciones psicopedag\u00f3gicas a petici\u00f3n de agentes externos al centro educativo. \u00danicamente los informes psicopedag\u00f3gicos realizados por el Equipo de Orientaci\u00f3n tienen validez a la hora de determinar la necesidad espec\u00edfica de apoyo educativo para un alumno\/a.\u00a0<\/span><\/p>\n","protected":false},"excerpt":{"rendered":"<p>\u00a0 En este apartado os explicamos los protocolos que se siguen en el Equipo de Orientaci\u00f3n para atender a los alumnos y las familias que necesiten intervenci\u00f3n desde el equipo. Asesoramiento familiar. \u00a0 \u00a0Si desde el centro se detecta alguna necesidad en el alumno que el tutor no pueda atender, ya que se considera que &hellip; <\/p>\n<p><a class=\"more-link btn\" href=\"https:\/\/cpivaldelaatalaya.es\/?page_id=5311\">Seguir leyendo<\/a><\/p>\n","protected":false},"author":2,"featured_media":0,"parent":0,"menu_order":0,"comment_status":"closed","ping_status":"closed","template":"","meta":{"footnotes":""},"class_list":["post-5311","page","type-page","status-publish","hentry","nodate","item-wrap"],"_links":{"self":[{"href":"https:\/\/cpivaldelaatalaya.es\/index.php?rest_route=\/wp\/v2\/pages\/5311","targetHints":{"allow":["GET"]}}],"collection":[{"href":"https:\/\/cpivaldelaatalaya.es\/index.php?rest_route=\/wp\/v2\/pages"}],"about":[{"href":"https:\/\/cpivaldelaatalaya.es\/index.php?rest_route=\/wp\/v2\/types\/page"}],"author":[{"embeddable":true,"href":"https:\/\/cpivaldelaatalaya.es\/index.php?rest_route=\/wp\/v2\/users\/2"}],"replies":[{"embeddable":true,"href":"https:\/\/cpivaldelaatalaya.es\/index.php?rest_route=%2Fwp%2Fv2%2Fcomments&post=5311"}],"version-history":[{"count":2,"href":"https:\/\/cpivaldelaatalaya.es\/index.php?rest_route=\/wp\/v2\/pages\/5311\/revisions"}],"predecessor-version":[{"id":5600,"href":"https:\/\/cpivaldelaatalaya.es\/index.php?rest_route=\/wp\/v2\/pages\/5311\/revisions\/5600"}],"wp:attachment":[{"href":"https:\/\/cpivaldelaatalaya.es\/index.php?rest_route=%2Fwp%2Fv2%2Fmedia&parent=5311"}],"curies":[{"name":"wp","href":"https:\/\/api.w.org\/{rel}","templated":true}]}}