{"id":1487,"date":"2015-07-06T13:51:32","date_gmt":"2015-07-06T13:51:32","guid":{"rendered":"http:\/\/cpivaldelaatalaya.es\/?page_id=1487"},"modified":"2022-11-01T17:45:33","modified_gmt":"2022-11-01T17:45:33","slug":"oferta-educativa","status":"publish","type":"page","link":"https:\/\/cpivaldelaatalaya.es\/?page_id=1487","title":{"rendered":"OFERTA EDUCATIVA"},"content":{"rendered":"<p style=\"text-align: justify;\">El <strong>CPI Val de la Atalaya <\/strong>es un Centro P\u00fablico Integrado dependiente del Departamento de Educaci\u00f3n, Universidad, Cultura y Deporte del Gobierno de Arag\u00f3n que abarca tres etapas educativas: infantil, primaria y secundaria.<\/p>\n<p style=\"text-align: justify;\">Es un centro biling\u00fce ingl\u00e9s, con dos modelos de biling\u00fcismo distintos: en infantil, 1\u00ba y 2\u00ba primaria y secundaria se sigue el modelo BRIT-Arag\u00f3n por el cual se imparte un 35% de la jornada en lengua inglesa. De 3\u00ba a 6\u00ba de primaria se sigue el modelo biling\u00fce CILE1, a trav\u00e9s del cual se imparte un 25% de la jornada en lengua inglesa. En nuestro centro tambi\u00e9n se ense\u00f1a franc\u00e9s como segunda lengua extranjera desde 5\u00ba de Primaria.<\/p>\n<p style=\"text-align: justify;\">Como todo Centro P\u00fablico, es independiente de cualquier grupo pol\u00edtico, religioso o econ\u00f3mico, y est\u00e1 comprometido con la defensa de los principios y valores democr\u00e1ticos, respetando todo tipo de ideas y creencias y con una clara vocaci\u00f3n integradora y compensadora de diferencias.<\/p>\n<p style=\"text-align: justify;\">En la actualidad, el Centro cuenta\u00a0 con aproximadamente 740 alumnos, distribuidos en 6 grupos de Educaci\u00f3n Infantil, 12 grupos de Educaci\u00f3n Primaria y 17 grupos de ESO.\u00a0 En infantil y primaria todos los niveles cuentan con dos v\u00edas. En Secundaria el n\u00famero de v\u00edas var\u00eda seg\u00fan el curso, oscilando entre 4 y 5 grupos, contando los grupos de atenci\u00f3n a la diversidad.\u00a0<\/p>\n<p style=\"text-align: justify;\">La mayor\u00eda de los grupos cuentan con una ratio de profesor\/alumno acorde con lo establecido por el Departamento de Educaci\u00f3n, Universidad, Cultura y Deporte del Gobierno de Arag\u00f3n, la gran mayor\u00eda al l\u00edmite superior de dicha ratio y unos pocos grupos super\u00e1ndola.<\/p>\n<p style=\"text-align: justify;\">Las actividades lectivas en infantil y primaria, despu\u00e9s de ser aprobado el Proyecto Educativo de Organizaci\u00f3n de los Tiempos Escolares, se desarrollar\u00e1 en jornada \u00fanica de <strong>9,00 a 14,00<\/strong>\u00a0<strong>\u00a0horas. <\/strong>En septiembre y en junio, el horario ser\u00e1 de 9:00 a 13:00h. En secundaria, el horario lectivo es de 8:20 a 14:10.<\/p>\n<p style=\"text-align: justify;\">Existe una variada oferta de actividades extraescolares. La mayor\u00eda de ellas se realizan al finalizar el comedor (de 16,00 a 17,00 h.), aunque tambi\u00e9n pueden realizar algunas antes de comenzar la jornada de la ma\u00f1ana<\/p>\n\n","protected":false},"excerpt":{"rendered":"<p>El CPI Val de la Atalaya es un Centro P\u00fablico Integrado dependiente del Departamento de Educaci\u00f3n, Universidad, Cultura y Deporte del Gobierno de Arag\u00f3n que abarca tres etapas educativas: infantil, primaria y secundaria. Es un centro biling\u00fce ingl\u00e9s, con dos modelos de biling\u00fcismo distintos: en infantil, 1\u00ba y 2\u00ba primaria y secundaria se sigue el &hellip; <\/p>\n<p><a class=\"more-link btn\" href=\"https:\/\/cpivaldelaatalaya.es\/?page_id=1487\">Seguir leyendo<\/a><\/p>\n","protected":false},"author":2,"featured_media":0,"parent":0,"menu_order":0,"comment_status":"open","ping_status":"closed","template":"","meta":{"footnotes":""},"class_list":["post-1487","page","type-page","status-publish","hentry","nodate","item-wrap"],"_links":{"self":[{"href":"https:\/\/cpivaldelaatalaya.es\/index.php?rest_route=\/wp\/v2\/pages\/1487","targetHints":{"allow":["GET"]}}],"collection":[{"href":"https:\/\/cpivaldelaatalaya.es\/index.php?rest_route=\/wp\/v2\/pages"}],"about":[{"href":"https:\/\/cpivaldelaatalaya.es\/index.php?rest_route=\/wp\/v2\/types\/page"}],"author":[{"embeddable":true,"href":"https:\/\/cpivaldelaatalaya.es\/index.php?rest_route=\/wp\/v2\/users\/2"}],"replies":[{"embeddable":true,"href":"https:\/\/cpivaldelaatalaya.es\/index.php?rest_route=%2Fwp%2Fv2%2Fcomments&post=1487"}],"version-history":[{"count":16,"href":"https:\/\/cpivaldelaatalaya.es\/index.php?rest_route=\/wp\/v2\/pages\/1487\/revisions"}],"predecessor-version":[{"id":6689,"href":"https:\/\/cpivaldelaatalaya.es\/index.php?rest_route=\/wp\/v2\/pages\/1487\/revisions\/6689"}],"wp:attachment":[{"href":"https:\/\/cpivaldelaatalaya.es\/index.php?rest_route=%2Fwp%2Fv2%2Fmedia&parent=1487"}],"curies":[{"name":"wp","href":"https:\/\/api.w.org\/{rel}","templated":true}]}}

<p style="text-align: justify;">El <strong>CPI Val de la Atalaya </strong>es un Centro Público Integrado dependiente del Departamento de Educación, Universidad, Cultura y Deporte del Gobierno de Aragón que abarca tres etapas educativas: infantil, primaria y secundaria.</p>
<p style="text-align: justify;">Es un centro bilingüe inglés, con dos modelos de bilingüismo distintos: en infantil, 1º y 2º primaria y secundaria se sigue el modelo BRIT-Aragón por el cual se imparte un 35% de la jornada en lengua inglesa. De 3º a 6º de primaria se sigue el modelo bilingüe CILE1, a través del cual se imparte un 25% de la jornada en lengua inglesa. En nuestro centro también se enseña francés como segunda lengua extranjera desde 5º de Primaria.</p>
<p style="text-align: justify;">Como todo Centro Público, es independiente de cualquier grupo político, religioso o económico, y está comprometido con la defensa de los principios y valores democráticos, respetando todo tipo de ideas y creencias y con una clara vocación integradora y compensadora de diferencias.</p>
<p style="text-align: justify;">En la actualidad, el Centro cuenta  con aproximadamente 740 alumnos, distribuidos en 6 grupos de Educación Infantil, 12 grupos de Educación Primaria y 17 grupos de ESO.  En infantil y primaria todos los niveles cuentan con dos vías. En Secundaria el número de vías varía según el curso, oscilando entre 4 y 5 grupos, contando los grupos de atención a la diversidad. </p>
<p style="text-align: justify;">La mayoría de los grupos cuentan con una ratio de profesor/alumno acorde con lo establecido por el Departamento de Educación, Universidad, Cultura y Deporte del Gobierno de Aragón, la gran mayoría al límite superior de dicha ratio y unos pocos grupos superándola.</p>
<p style="text-align: justify;">Las actividades lectivas en infantil y primaria, después de ser aprobado el Proyecto Educativo de Organización de los Tiempos Escolares, se desarrollará en jornada única de <strong>9,00 a 14,00</strong> <strong> horas. </strong>En septiembre y en junio, el horario será de 9:00 a 13:00h. En secundaria, el horario lectivo es de 8:20 a 14:10.</p>
<p style="text-align: justify;">Existe una variada oferta de actividades extraescolares. La mayoría de ellas se realizan al finalizar el comedor (de 16,00 a 17,00 h.), aunque también pueden realizar algunas antes de comenzar la jornada de la mañana</p>

<p>El CPI Val de la Atalaya es un Centro Público Integrado dependiente del Departamento de Educación, Universidad, Cultura y Deporte del Gobierno de Aragón que abarca tres etapas educativas: infantil, primaria y secundaria. Es un centro bilingüe inglés, con dos modelos de bilingüismo distintos: en infantil, 1º y 2º primaria y secundaria se sigue el &hellip; </p>
<p><a class="more-link btn" href="https://cpivaldelaatalaya.es/?page_id=1487">Seguir leyendo</a></p>
