{"id":1483,"date":"2015-07-06T13:50:50","date_gmt":"2015-07-06T13:50:50","guid":{"rendered":"http:\/\/cpivaldelaatalaya.es\/?page_id=1483"},"modified":"2022-11-02T08:03:07","modified_gmt":"2022-11-02T08:03:07","slug":"instalaciones","status":"publish","type":"page","link":"https:\/\/cpivaldelaatalaya.es\/?page_id=1483","title":{"rendered":"INSTALACIONES"},"content":{"rendered":"<p style=\"text-align: justify;\">El CPI Val de la Atalaya es un centro educativo p\u00fablico de la Comunidad Aut\u00f3noma de Arag\u00f3n en el que se imparten Educaci\u00f3n Infantil, Educaci\u00f3n Primaria y Educaci\u00f3n Secundaria en tres edificios distintos, uno para cada etapa educativa.\u00a0<\/p>\n<p style=\"text-align: justify;\">El<strong> edificio de Educaci\u00f3n Infantil<\/strong> se abri\u00f3 en enero de 2013. Es un edificio de una sola planta que cuenta con seis aulas ordinarias, una sala de psicomotricidad, un aula de peque\u00f1o grupo, una sala de profesores y su propio patio de recreo.<\/p>\n<p style=\"text-align: justify;\"><img loading=\"lazy\" decoding=\"async\" class=\"alignleft size-full wp-image-99\" src=\"https:\/\/cpivaldelaatalaya.es\/wp-content\/uploads\/2014\/02\/cole.jpg\" alt=\"cole.jpg\" width=\"940\" height=\"198\" \/><\/p>\n<p style=\"text-align: justify;\">El\u00a0<strong>edificio de Educaci\u00f3n Primaria <\/strong>comenz\u00f3 a funcionar el curso 2015-2016. Es un edificio de tres plantas muy luminoso y amplio.<\/p>\n<p style=\"text-align: justify;\">En la planta baja se encuentran la conserjer\u00eda, la secretar\u00eda , el despacho de la jefatura de estudios de infantil y primaria, el despacho de direcci\u00f3n,\u00a0 cuatro aulas ordinarias, un aula de peque\u00f1o grupo, un aula de usos m\u00faltiples y la biblioteca.<\/p>\n<p style=\"text-align: justify;\">En la\u00a0primera planta hay cinco aulas ordinarias, un aula de peque\u00f1o grupo, el aula de inform\u00e1tica, el aula de PT y el aula de AL.\u00a0<\/p>\n<p style=\"text-align: justify;\">En la\u00a0segunda planta hay cuatro aulas ordinarias, un aula de peque\u00f1o grupo, el aula de m\u00fasica, dos tutor\u00edas y la sala de profesores.<\/p>\n<p>Los edificios de infantil y primaria est\u00e1n unidos por unos grandes porches que dan al recreo que usan los alumnos de primaria y secundaria y desde los que se accede al comedor y al gimnasio.<\/p>\n<p style=\"text-align: justify;\"><a href=\"https:\/\/cpivaldelaatalaya.es\/wp-content\/uploads\/2015\/07\/PANORAMICA-.jpg\"><img loading=\"lazy\" decoding=\"async\" class=\"alignleft size-full wp-image-1585\" src=\"https:\/\/cpivaldelaatalaya.es\/wp-content\/uploads\/2015\/07\/PANORAMICA-.jpg\" alt=\"PANORAMICA +\" width=\"940\" height=\"277\" srcset=\"https:\/\/cpivaldelaatalaya.es\/wp-content\/uploads\/2015\/07\/PANORAMICA-.jpg 940w, https:\/\/cpivaldelaatalaya.es\/wp-content\/uploads\/2015\/07\/PANORAMICA--300x88.jpg 300w\" sizes=\"auto, (max-width: 940px) 100vw, 940px\" \/><\/a><\/p>\n<p>\u00a0<\/p>\n<p style=\"text-align: justify;\">\u00a0<\/p>\n\n\n<div class=\"wp-block-group\"><div class=\"wp-block-group__inner-container is-layout-flow wp-block-group-is-layout-flow\">\n<p>El&nbsp;<strong>edificio de Educaci\u00f3n Secundaria&nbsp;<\/strong>comenz\u00f3 a utilizarse en marzo de 2022. Es un edificio de tres plantas unido en la primera y segunda planta con el edificio de primaria.&nbsp;<\/p>\n\n\n\n<div class=\"wp-block-group\"><div class=\"wp-block-group__inner-container is-layout-flow wp-block-group-is-layout-flow\">\n<p>En la planta baja se encuentran la conserjer\u00eda, el despacho de la jefatura de estudios de secundaria, el despacho de orientaci\u00f3n, una tutor\u00eda, una sala de reuniones, la biblioteca y un aula polivalente.&nbsp;<\/p>\n\n\n\n<p>En la&nbsp;primera planta hay seis aulas aulas ordinarias, dos aulas de atenci\u00f3n a la diversidad, el aula de PT, el aula de pl\u00e1stica, un aula de desdobles, la sala de profesores y cuatro departamentos para los equipos did\u00e1cticos de \u00e1rea.&nbsp;<\/p>\n\n\n\n<p>En la&nbsp;segunda planta hay seis aulas ordinarias, dos aulas de atenci\u00f3n a la diversidad, el aula de m\u00fasica, el laboratorio, el aula de tecnolog\u00eda y el aula de inform\u00e1tica.&nbsp;<\/p>\n<\/div><\/div>\n<\/div><\/div>\n\n\n\n<p>En la planta baja del edificio hay dos porches, uno de ellos con acceso directo al aula polivalente.&nbsp;<\/p>\n\n\n\n\n","protected":false},"excerpt":{"rendered":"<p>El CPI Val de la Atalaya es un centro educativo p\u00fablico de la Comunidad Aut\u00f3noma de Arag\u00f3n en el que se imparten Educaci\u00f3n Infantil, Educaci\u00f3n Primaria y Educaci\u00f3n Secundaria en tres edificios distintos, uno para cada etapa educativa.\u00a0 El edificio de Educaci\u00f3n Infantil se abri\u00f3 en enero de 2013. Es un edificio de una sola &hellip; <\/p>\n<p><a class=\"more-link btn\" href=\"https:\/\/cpivaldelaatalaya.es\/?page_id=1483\">Seguir leyendo<\/a><\/p>\n","protected":false},"author":2,"featured_media":0,"parent":0,"menu_order":0,"comment_status":"open","ping_status":"closed","template":"","meta":{"footnotes":""},"class_list":["post-1483","page","type-page","status-publish","hentry","nodate","item-wrap"],"_links":{"self":[{"href":"https:\/\/cpivaldelaatalaya.es\/index.php?rest_route=\/wp\/v2\/pages\/1483","targetHints":{"allow":["GET"]}}],"collection":[{"href":"https:\/\/cpivaldelaatalaya.es\/index.php?rest_route=\/wp\/v2\/pages"}],"about":[{"href":"https:\/\/cpivaldelaatalaya.es\/index.php?rest_route=\/wp\/v2\/types\/page"}],"author":[{"embeddable":true,"href":"https:\/\/cpivaldelaatalaya.es\/index.php?rest_route=\/wp\/v2\/users\/2"}],"replies":[{"embeddable":true,"href":"https:\/\/cpivaldelaatalaya.es\/index.php?rest_route=%2Fwp%2Fv2%2Fcomments&post=1483"}],"version-history":[{"count":22,"href":"https:\/\/cpivaldelaatalaya.es\/index.php?rest_route=\/wp\/v2\/pages\/1483\/revisions"}],"predecessor-version":[{"id":6707,"href":"https:\/\/cpivaldelaatalaya.es\/index.php?rest_route=\/wp\/v2\/pages\/1483\/revisions\/6707"}],"wp:attachment":[{"href":"https:\/\/cpivaldelaatalaya.es\/index.php?rest_route=%2Fwp%2Fv2%2Fmedia&parent=1483"}],"curies":[{"name":"wp","href":"https:\/\/api.w.org\/{rel}","templated":true}]}}

<p style="text-align: justify;">El CPI Val de la Atalaya es un centro educativo público de la Comunidad Autónoma de Aragón en el que se imparten Educación Infantil, Educación Primaria y Educación Secundaria en tres edificios distintos, uno para cada etapa educativa. </p>
<p style="text-align: justify;">El<strong> edificio de Educación Infantil</strong> se abrió en enero de 2013. Es un edificio de una sola planta que cuenta con seis aulas ordinarias, una sala de psicomotricidad, un aula de pequeño grupo, una sala de profesores y su propio patio de recreo.</p>
<p style="text-align: justify;"><img loading="lazy" decoding="async" class="alignleft size-full wp-image-99" src="https://cpivaldelaatalaya.es/wp-content/uploads/2014/02/cole.jpg" alt="cole.jpg" width="940" height="198" /></p>
<p style="text-align: justify;">El <strong>edificio de Educación Primaria </strong>comenzó a funcionar el curso 2015-2016. Es un edificio de tres plantas muy luminoso y amplio.</p>
<p style="text-align: justify;">En la planta baja se encuentran la conserjería, la secretaría , el despacho de la jefatura de estudios de infantil y primaria, el despacho de dirección,  cuatro aulas ordinarias, un aula de pequeño grupo, un aula de usos múltiples y la biblioteca.</p>
<p style="text-align: justify;">En la primera planta hay cinco aulas ordinarias, un aula de pequeño grupo, el aula de informática, el aula de PT y el aula de AL. </p>
<p style="text-align: justify;">En la segunda planta hay cuatro aulas ordinarias, un aula de pequeño grupo, el aula de música, dos tutorías y la sala de profesores.</p>
<p>Los edificios de infantil y primaria están unidos por unos grandes porches que dan al recreo que usan los alumnos de primaria y secundaria y desde los que se accede al comedor y al gimnasio.</p>
<p style="text-align: justify;"><a href="https://cpivaldelaatalaya.es/wp-content/uploads/2015/07/PANORAMICA-.jpg"><img loading="lazy" decoding="async" class="alignleft size-full wp-image-1585" src="https://cpivaldelaatalaya.es/wp-content/uploads/2015/07/PANORAMICA-.jpg" alt="PANORAMICA +" width="940" height="277" srcset="https://cpivaldelaatalaya.es/wp-content/uploads/2015/07/PANORAMICA-.jpg 940w, https://cpivaldelaatalaya.es/wp-content/uploads/2015/07/PANORAMICA--300x88.jpg 300w" sizes="auto, (max-width: 940px) 100vw, 940px" /></a></p>
<p> </p>
<p style="text-align: justify;"> </p>


<div class="wp-block-group"><div class="wp-block-group__inner-container is-layout-flow wp-block-group-is-layout-flow">
<p>El&nbsp;<strong>edificio de Educación Secundaria&nbsp;</strong>comenzó a utilizarse en marzo de 2022. Es un edificio de tres plantas unido en la primera y segunda planta con el edificio de primaria.&nbsp;</p>



<div class="wp-block-group"><div class="wp-block-group__inner-container is-layout-flow wp-block-group-is-layout-flow">
<p>En la planta baja se encuentran la conserjería, el despacho de la jefatura de estudios de secundaria, el despacho de orientación, una tutoría, una sala de reuniones, la biblioteca y un aula polivalente.&nbsp;</p>



<p>En la&nbsp;primera planta hay seis aulas aulas ordinarias, dos aulas de atención a la diversidad, el aula de PT, el aula de plástica, un aula de desdobles, la sala de profesores y cuatro departamentos para los equipos didácticos de área.&nbsp;</p>



<p>En la&nbsp;segunda planta hay seis aulas ordinarias, dos aulas de atención a la diversidad, el aula de música, el laboratorio, el aula de tecnología y el aula de informática.&nbsp;</p>
</div></div>
</div></div>



<p>En la planta baja del edificio hay dos porches, uno de ellos con acceso directo al aula polivalente.&nbsp;</p>

<p>El CPI Val de la Atalaya es un centro educativo público de la Comunidad Autónoma de Aragón en el que se imparten Educación Infantil, Educación Primaria y Educación Secundaria en tres edificios distintos, uno para cada etapa educativa.  El edificio de Educación Infantil se abrió en enero de 2013. Es un edificio de una sola &hellip; </p>
<p><a class="more-link btn" href="https://cpivaldelaatalaya.es/?page_id=1483">Seguir leyendo</a></p>
